3)/((-9)/(-54)). Let h(u) = 8*u**2 - 19*u + 85. Is h(o) prime?
True
Suppose 459*d + 30 = 469*d. Let t(u) = 5*u + 2 + 3 + 47*u. Is t(d) composite?
True
Let j(o) = -o**2 + 13*o - 29. Let k be j(10). Is (5 + (2609 - -3))*1/k a prime number?
True
Suppose -2232*i + 2210*i + 2958758 = 0. Is i a composite number?
False
Let o be (-8)/(-6) + 1 + 3/(-9). Suppose -4*s + 2*y + o = -2, -2*y = -5*s + 5. Is (-2 - s/(-2))*4220/(-6) prime?
False
Suppose 2188*r + 5390022 = 2221*r. Is r composite?
True
Let o = -191 - -195. Suppose -o*p + p = -5*g - 17928, p + 3*g - 5990 = 0. Is p a composite number?
False
Is (-225728)/(-11) - ((-800)/110 - -7) composite?
False
Suppose -6*n + 5*n - 2*x = -13, 0 = -n - 3*x + 17. Suppose -20609 = h - 3*h + z, n*h - 2*z = 51525. Is h composite?
True
Let r(d) = 90189*d - 130. Is r(1) prime?
True
Suppose 5*c - 25774 = -5*t + 292676, 2*t + 318443 = 5*c. Is c prime?
True
Let a(w) be the second derivative of -168*w**5/5 - w**4/12 - w**3 - 2*w**2 - 101*w. Is a(-1) prime?
True
Suppose 0 = v + 2*l + 55506, 3*l - 4*l = v + 55510. Let s = v + 86985. Is s prime?
False
Let w be -9*(-4)/12 + 0/1. Let g(q) = -5*q - 161*q**2 + 5*q**w - 1 + 323*q**2 - 166*q**2. Is g(4) a composite number?
True
Let h(f) = -f**2 - 815*f + 37493. Is h(0) a prime number?
True
Let o(s) = 9*s - 6. Let j be o(2). Suppose j = -7*l - 114. Let u = l + 145. Is u a prime number?
True
Let n = -6135 - -28502. Is n composite?
False
Let v(w) = -15*w**3 + 9*w**2 + 14*w + 249. Is v(-13) composite?
False
Suppose -789 = -3*r - 3252. Let y be ((-24)/(-6) - 6) + 1782. Let z = y + r. Is z a composite number?
True
Let x be (-24)/(-18) - (-2)/3. Suppose -x*o - 2 = 0, o - 431 - 635 = -j. Is j a prime number?
False
Suppose 0 = -5*l + 4*t + 248, 4*l - t + 129 = 323. Let k be 27/(-21) - (l/28 - 2). Is 0/(-9) + (-485)/k a prime number?
False
Suppose -4*b = -4*r + 36, -34 = -4*r + 2*b - 6. Is (678642/285)/(2/r) a prime number?
True
Let z(u) = 6*u**3 + u**2 - 3*u - 1. Let h(l) = 2*l - 4. Let n be h(4). Let j = n + -1. Is z(j) a prime number?
False
Suppose -3*b = 4*v + 33310, -18*v + 44372 = -4*b - 13*v. Let d = 18231 + b. Is d a prime number?
False
Suppose -37*z + 29*z + 200 = 0. Suppose -259613 + 21438 = -z*w. Is w prime?
False
Let p = 29908 + -18406. Suppose p + 7740 = 18*w. Is w a composite number?
False
Is 0/(-24 - 23) - (-135590 + 1) prime?
True
Let r be 5*-3*(-3)/9. Suppose 0 = -4*m - w - 4*w + 82749, 62068 = 3*m + r*w. Is m prime?
True
Let a be 9/6*(-255296)/(-12). Suppose -8*b = -0*b - a. Is b a composite number?
False
Suppose -188 = 14*h - 10*h. Let z = -35 - h. Is z/(-66) - (1 + 334/(-22)) a prime number?
False
Suppose -3*x - 8*n + 9*n = -11, 3*n - 3 = 0. Suppose 39593 = -6*s + 9*s + 2*g, 0 = -x*s - 4*g + 52788. Is s a composite number?
True
Suppose 114*z - 257*z + 25997445 = -98*z. Is z prime?
True
Is 2 + 18 + -38 - -949535 prime?
True
Suppose 13 = 6*c - 23. Suppose -c*v - 4 = -7*v. Suppose 0 = -v*y + 8, -3307 + 799 = -4*n + 4*y. Is n prime?
False
Let a = 133 - 131. Suppose -2*i + 47223 = q, 0*i + 23614 = i - a*q. Is (7 - 5) + i/4 a prime number?
False
Let t be -3 + 5/1 + (3 - 1). Let h(x) = -3*x + 12. Let l be h(t). Suppose l = 2*w + 8, -2*b + 6936 = 2*b + w. Is b a composite number?
True
Is ((8708/5)/(-14))/(2/(-205)) a prime number?
False
Let p = 215 - 233. Is ((-10)/45)/(-2) + (-224512)/p a prime number?
True
Let j = -758266 + 1066897. Is j prime?
False
Suppose 2520417 = 55*p - 539948. Is p prime?
False
Let t be -3 + 5 + 5 + 4859. Suppose 4*q - t = -998. Is q a composite number?
False
Let x(g) = g**3 + g**2 - 8*g + 7. Let w be x(2). Suppose 0 = w*n + 4*n - 5579. Is n a composite number?
False
Let n(g) be the first derivative of -g**3/3 + 1003*g + 47. Let x(k) = k**3 - 8*k**2 - k + 8. Let p be x(8). Is n(p) composite?
True
Suppose -2*c + 1595183 = 130*a - 125*a, 4*c - 3190457 = 3*a. Is c a prime number?
False
Suppose -2*a - 2*a = -12, -5*s + 3*a + 26831 = 0. Let h = s - 3035. Is h a composite number?
False
Let y(w) = -10*w + 71. Let n be y(0). Let m = 14 - 8. Suppose -4*z + 75 = h, -h + z = m*z - n. Is h a prime number?
False
Let u(p) = -11*p - 22 - 3 + 6 - 11*p - p**2. Let m be u(-21). Is (m/(-2))/(11/(-13321)) prime?
False
Is 7698/8*3140/15 a composite number?
True
Let l(n) = 30*n**3 - 3*n**2 - 15*n + 7. Let p be l(10). Let c = p + -18788. Suppose -6475 = -3*r + x, -4*x = r + 4*r - c. Is r a prime number?
False
Let q = 718566 - -22939. Is q a composite number?
True
Let q(a) = 4*a**2 - 16*a + 14. Let t be q(3). Is (t + -3)/((-12)/33828) a composite number?
False
Suppose -20*j + 5*h + 456019 = -18*j, -j = h - 228006. Is j a prime number?
False
Let w be (-285)/2*4/3. Let g = -1732 - -1131. Let n = w - g. Is n prime?
False
Suppose 0 = -117*k + 19*k + 1060599 + 1636067. Is k composite?
True
Suppose 11*j = 98 + 177. Let b = -25 + j. Suppose -4*g + b*g = -16196. Is g prime?
True
Suppose -380063 = -2*j + 767057 + 28324. Is j a prime number?
False
Suppose 4*y - 3*t - 1 = 2*t, 44 = -4*y - 4*t. Let r be (-1)/((-9)/y) + 19/(-3). Let m(x) = -129*x + 4. Is m(r) a composite number?
False
Suppose 17*o - 2099067 + 337061 - 1321675 = 0. Is o a composite number?
True
Let d be -1 + -1 + (-5 - -11). Suppose 0 = -2*y - i - 2*i + 10382, -d = -i. Suppose a + 2*n - y = 0, -5*a = 4*n + 2560 - 28515. Is a a composite number?
True
Suppose -48*h = -46*h + d + 7197, 3591 = -h + d. Let a = h - -5251. Is a a prime number?
False
Suppose -2*w - 11 + 15 = 0. Suppose 21 = 5*l + 3*a, w*l - 7*l + 3*a + 9 = 0. Is -4 - 867*l/(-3) a prime number?
True
Suppose 16*h + 5*h - 3711460 = h. Is h a prime number?
False
Let n(g) be the first derivative of g**3/3 - g**2/2 + 8*g - 40. Let f be n(4). Is (-54621)/(-33) + f/(-110) a prime number?
False
Let u = -1 + -1. Let z be 2 + -1*u/(-2). Is 31/2*(3 - z) composite?
False
Let y be 494/(-4) + 5/(-10). Let k = 229 - y. Is k prime?
True
Suppose 7*f - 32 - 3 = 0. Suppose 0 = k - s + 3, 2*k + 11 = 4*s - f. Suppose 6*y - 2*y = -k*a + 634, 0 = 3*a - 3*y - 906. Is a a composite number?
False
Let j = -25143 + 109490. Is j prime?
True
Let o(g) = g**3 + 21*g**2 - 3*g - 24. Let k be o(-17). Is 14*1*(-6)/(-21) + k composite?
False
Let u be 18*4/(-6)*(-15)/(-20). Let j = 18 + u. Suppose j*l - 14488 - 911 = 0. Is l a prime number?
False
Suppose -24*v + 17*v = -35539. Is v a composite number?
False
Let k = 52 + -47. Suppose -1140 - 1930 = -s - u, 3*s - 9194 = k*u. Let q = s + -1863. Is q a prime number?
False
Let n(p) = -2*p**2 + 10*p + 3. Suppose 5*y = s - 26, 8 = 4*s + 4*y - 0*y. Let d be n(s). Is (-618)/(-27) + (-1)/d prime?
True
Suppose 0 = 2*s - 6*y + 3*y + 6, 2*y = 0. Is (-4 - -5 - s) + 13089 prime?
True
Let x(o) = -o**3 + o**2 + 8*o + 54. Let z be x(-12). Let h = 1097 + z. Is h prime?
True
Let t(n) be the third derivative of 0*n - 3/4*n**4 + 8/3*n**3 + 1/3*n**5 - 1/120*n**6 + 0 + 17*n**2. Is t(15) prime?
False
Suppose -5*f + 5 = 0, 0*t - 9 = -2*t - f. Let o be 3/(-12) - (-17)/t. Suppose 0 = 3*j + o*g - 921, 5*j + g = 2170 - 635. Is j composite?
False
Let m(t) = t + 28. Let d be m(-19). Suppose 2*c - 14 = 4*q, -2*q = -5*c + 10 + d. Suppose -4*u + 505 = o - 0*u, c*o + 5*u - 1536 = 0. Is o composite?
True
Let j be (31/(-7) - -7)/((-6)/28). Let k(w) = 4*w**2 - 26*w - 101. Is k(j) prime?
True
Suppose 40*h - 26241 = -4*j + 39*h, 0 = 3*j + 2*h - 19687. Is j a composite number?
True
Suppose 69*k - 8661287 = 8804890. Is k prime?
True
Let v = 22740 - 11650. Suppose -5*h = -5*s + v, -3*s = -h + 6*h - 6662. Is s prime?
False
Let w(k) = 20721*k**3 + 5*k**2 - 10*k + 11. Is w(2) a composite number?
False
Suppose -4*t = t. Suppose t = -2*o - o + 2*z + 469, -o + 148 = z. Suppose 2*a - 25 = 4*s - o, s - 21 = -5*a. Is s prime?
True
Let d = -5858 + 6083. Suppose -3*i = 4*s - 2*s - 225, -i - 485 = -4*s. Suppose 5*p = s + d. Is p a composite number?
True
Let i(x) = 695*x**2 + 15*x - 25. Let l(g) = -9*g + 137. Let u be l(15). Is i(u) composite?
True
Let i = -2 + 74. Suppose 3*c = -2*u - 49, -4*c + u - i = 5*u. Is c/(26/(-1416)) + -1 + 0 composite?
True
Let k = -227464 - -383159. Is k composite?
True
Suppose 5*o + f = 1217, -3*o + f + 414 + 313 = 0. Let n = 532 - o. Is n prime?
False
Let y(t) = 2*t + 11. Let k be y(-11). Let f = k + 13. Suppose 2*h + f*h = 1336. Is h a prime number?
False
Suppose -653*f + 658